{"id":2,"date":"2012-05-03T18:21:50","date_gmt":"2012-05-03T18:21:50","guid":{"rendered":"http:\/\/celeli.uprrp.edu\/?page_id=2"},"modified":"2024-12-04T11:36:39","modified_gmt":"2024-12-04T15:36:39","slug":"sample-page","status":"publish","type":"page","link":"https:\/\/celeli.uprrp.edu\/?page_id=2","title":{"rendered":"Acerca del CELELI"},"content":{"rendered":"<p><img loading=\"lazy\" decoding=\"async\" class=\"aligncenter size-full wp-image-2183\" src=\"https:\/\/celeli.uprrp.edu\/wp-content\/uploads\/2012\/05\/Screen-Shot-2018-06-06-at-3.11.50-PM-1-e1567456857847.png\" alt=\"\" width=\"828\" height=\"429\" srcset=\"https:\/\/celeli.uprrp.edu\/wp-content\/uploads\/2012\/05\/Screen-Shot-2018-06-06-at-3.11.50-PM-1-e1567456857847.png 828w, https:\/\/celeli.uprrp.edu\/wp-content\/uploads\/2012\/05\/Screen-Shot-2018-06-06-at-3.11.50-PM-1-e1567456857847-300x155.png 300w, https:\/\/celeli.uprrp.edu\/wp-content\/uploads\/2012\/05\/Screen-Shot-2018-06-06-at-3.11.50-PM-1-e1567456857847-768x398.png 768w\" sizes=\"auto, (max-width: 828px) 100vw, 828px\" \/><\/p>\n<p>Fundado en el a\u00f1o acad\u00e9mico 2006-2007, el <strong><em>Centro\u00a0para\u00a0el Estudio de la Lectura, la Escritura y la Literatura Infantil<\/em><\/strong> (<em><strong>CELELI<\/strong><\/em>), ubicado en el segundo piso de la escuela Maternal UPRRP en la Facultad de Educaci\u00f3n de la Universidad de Puerto Rico, Recinto de R\u00edo Piedras, est\u00e1 dirigido a la promoci\u00f3n, la divulgaci\u00f3n y la investigaci\u00f3n de la lectura, la escritura y la literatura infantil.\u00a0 El mismo est\u00e1 adscrito al \u00c1rea de Educaci\u00f3n de la Ni\u00f1ez del Departamento de Estudios Graduados,\u00a0 con especialidades en Lectura, Escritura y Literatura Infantil y Educaci\u00f3n Preescolar. Brindamos apoyo a los programas de formaci\u00f3n y actualizaci\u00f3n docente de la Universidad de Puerto Rico.<\/p>\n<p>En el CELELI contamos con una colecci\u00f3n de m\u00e1s de 7,000 obras de literatura infantil para uso de estudiantes, profesores, maestros y p\u00fablico en general. Estas incluyen obras literarias de autores puertorrique\u00f1os, latinoamericanos e internacionales, as\u00ed como libros escritos en diversos idiomas, que abordan una amplia variedad de g\u00e9neros literarios y temas. A trav\u00e9s de nuestra base de datos, permite la entrada, organizaci\u00f3n y b\u00fasqueda de todos los libros de la colecci\u00f3n por diversas categor\u00edas establecidas.<\/p>\n<p><span style=\"color: #333333; font-style: normal; line-height: 24px;\">Contamos con el apoyo de autores, ilustradores, profesores e investigadores del campo de la lectura, la escritura y la literatura infantil. Entre las aportaciones se encuentra la creaci\u00f3n de nuestro logo por el ilustrador puertorrique\u00f1o fenecido, Walter Torres.\u00a0<\/span><\/p>\n<div id=\"attachment_239\" style=\"width: 563px\" class=\"wp-caption aligncenter\"><a href=\"https:\/\/celeli.uprrp.edu\/wp-content\/uploads\/2012\/05\/DSC034781.jpg\"><img loading=\"lazy\" decoding=\"async\" aria-describedby=\"caption-attachment-239\" class=\" wp-image-239\" title=\"DSC03478\" src=\"https:\/\/celeli.uprrp.edu\/wp-content\/uploads\/2012\/05\/DSC034781-1024x768.jpg\" alt=\"\" width=\"553\" height=\"415\" srcset=\"https:\/\/celeli.uprrp.edu\/wp-content\/uploads\/2012\/05\/DSC034781-1024x768.jpg 1024w, https:\/\/celeli.uprrp.edu\/wp-content\/uploads\/2012\/05\/DSC034781-300x225.jpg 300w, https:\/\/celeli.uprrp.edu\/wp-content\/uploads\/2012\/05\/DSC034781.jpg 2048w\" sizes=\"auto, (max-width: 553px) 100vw, 553px\" \/><\/a><p id=\"caption-attachment-239\" class=\"wp-caption-text\">El amor a la lectura no se ense\u00f1a, se regala.<\/p><\/div>\n<p>Entre nuestros objetivos se encuentran:<\/p>\n<ul>\n<li>Servir de centro de documentaci\u00f3n y acopio de literatura infantil<\/li>\n<li>Fomentar y promover la lectura y la producci\u00f3n textual<\/li>\n<li>Promover, estudiar y documentar la literatura infantil<\/li>\n<li>Apoyar y divulgar investigaciones y proyectos en el campo de la literatura infantil<\/li>\n<li>Apoyar y divulgar la investigaci\u00f3n en torno a la lectura y la escritura y a los procesos vinculados a \u00e9stas<\/li>\n<li>Llevar a cabo investigaciones sobre la lectura,\u00a0la escritura y la literatura infantil<\/li>\n<\/ul>\n<div id=\"attachment_167\" style=\"width: 554px\" class=\"wp-caption aligncenter\"><a style=\"color: #ff4b33; font-size: small;\" href=\"https:\/\/celeli.uprrp.edu\/wp-content\/uploads\/2012\/05\/n576843135_834993_10542.jpg\"><img loading=\"lazy\" decoding=\"async\" aria-describedby=\"caption-attachment-167\" class=\" wp-image-167 \" title=\"n576843135_834993_1054\" src=\"https:\/\/celeli.uprrp.edu\/wp-content\/uploads\/2012\/05\/n576843135_834993_10542.jpg\" alt=\"\" width=\"544\" height=\"408\" srcset=\"https:\/\/celeli.uprrp.edu\/wp-content\/uploads\/2012\/05\/n576843135_834993_10542.jpg 604w, https:\/\/celeli.uprrp.edu\/wp-content\/uploads\/2012\/05\/n576843135_834993_10542-300x225.jpg 300w\" sizes=\"auto, (max-width: 544px) 100vw, 544px\" \/><\/a><p id=\"caption-attachment-167\" class=\"wp-caption-text\">\u00a1Qu\u00e9 rico disfrutar de la lectura en el CELELI!<\/p><\/div>\n<div>\n<\/div>\n","protected":false},"excerpt":{"rendered":"<p>Fundado en el a\u00f1o acad\u00e9mico 2006-2007, el Centro\u00a0para\u00a0el Estudio de la Lectura, la Escritura y la Literatura Infantil (CELELI), ubicado en el segundo piso de la escuela Maternal UPRRP en la Facultad de Educaci\u00f3n de la Universidad de Puerto Rico, &hellip; <a href=\"https:\/\/celeli.uprrp.edu\/?page_id=2\">Continue reading <span class=\"meta-nav\">&rarr;<\/span><\/a><\/p>\n","protected":false},"author":1,"featured_media":0,"parent":0,"menu_order":0,"comment_status":"open","ping_status":"closed","template":"","meta":{"footnotes":""},"class_list":["post-2","page","type-page","status-publish","hentry"],"_links":{"self":[{"href":"https:\/\/celeli.uprrp.edu\/index.php?rest_route=\/wp\/v2\/pages\/2","targetHints":{"allow":["GET"]}}],"collection":[{"href":"https:\/\/celeli.uprrp.edu\/index.php?rest_route=\/wp\/v2\/pages"}],"about":[{"href":"https:\/\/celeli.uprrp.edu\/index.php?rest_route=\/wp\/v2\/types\/page"}],"author":[{"embeddable":true,"href":"https:\/\/celeli.uprrp.edu\/index.php?rest_route=\/wp\/v2\/users\/1"}],"replies":[{"embeddable":true,"href":"https:\/\/celeli.uprrp.edu\/index.php?rest_route=%2Fwp%2Fv2%2Fcomments&post=2"}],"version-history":[{"count":43,"href":"https:\/\/celeli.uprrp.edu\/index.php?rest_route=\/wp\/v2\/pages\/2\/revisions"}],"predecessor-version":[{"id":2662,"href":"https:\/\/celeli.uprrp.edu\/index.php?rest_route=\/wp\/v2\/pages\/2\/revisions\/2662"}],"wp:attachment":[{"href":"https:\/\/celeli.uprrp.edu\/index.php?rest_route=%2Fwp%2Fv2%2Fmedia&parent=2"}],"curies":[{"name":"wp","href":"https:\/\/api.w.org\/{rel}","templated":true}]}}

<p><img loading="lazy" decoding="async" class="aligncenter size-full wp-image-2183" src="https://celeli.uprrp.edu/wp-content/uploads/2012/05/Screen-Shot-2018-06-06-at-3.11.50-PM-1-e1567456857847.png" alt="" width="828" height="429" srcset="https://celeli.uprrp.edu/wp-content/uploads/2012/05/Screen-Shot-2018-06-06-at-3.11.50-PM-1-e1567456857847.png 828w, https://celeli.uprrp.edu/wp-content/uploads/2012/05/Screen-Shot-2018-06-06-at-3.11.50-PM-1-e1567456857847-300x155.png 300w, https://celeli.uprrp.edu/wp-content/uploads/2012/05/Screen-Shot-2018-06-06-at-3.11.50-PM-1-e1567456857847-768x398.png 768w" sizes="auto, (max-width: 828px) 100vw, 828px" /></p>
<p>Fundado en el año académico 2006-2007, el <strong><em>Centro para el Estudio de la Lectura, la Escritura y la Literatura Infantil</em></strong> (<em><strong>CELELI</strong></em>), ubicado en el segundo piso de la escuela Maternal UPRRP en la Facultad de Educación de la Universidad de Puerto Rico, Recinto de Río Piedras, está dirigido a la promoción, la divulgación y la investigación de la lectura, la escritura y la literatura infantil.  El mismo está adscrito al Área de Educación de la Niñez del Departamento de Estudios Graduados,  con especialidades en Lectura, Escritura y Literatura Infantil y Educación Preescolar. Brindamos apoyo a los programas de formación y actualización docente de la Universidad de Puerto Rico.</p>
<p>En el CELELI contamos con una colección de más de 7,000 obras de literatura infantil para uso de estudiantes, profesores, maestros y público en general. Estas incluyen obras literarias de autores puertorriqueños, latinoamericanos e internacionales, así como libros escritos en diversos idiomas, que abordan una amplia variedad de géneros literarios y temas. A través de nuestra base de datos, permite la entrada, organización y búsqueda de todos los libros de la colección por diversas categorías establecidas.</p>
<p><span style="color: #333333; font-style: normal; line-height: 24px;">Contamos con el apoyo de autores, ilustradores, profesores e investigadores del campo de la lectura, la escritura y la literatura infantil. Entre las aportaciones se encuentra la creación de nuestro logo por el ilustrador puertorriqueño fenecido, Walter Torres. </span></p>
<div id="attachment_239" style="width: 563px" class="wp-caption aligncenter"><a href="https://celeli.uprrp.edu/wp-content/uploads/2012/05/DSC034781.jpg"><img loading="lazy" decoding="async" aria-describedby="caption-attachment-239" class=" wp-image-239" title="DSC03478" src="https://celeli.uprrp.edu/wp-content/uploads/2012/05/DSC034781-1024x768.jpg" alt="" width="553" height="415" srcset="https://celeli.uprrp.edu/wp-content/uploads/2012/05/DSC034781-1024x768.jpg 1024w, https://celeli.uprrp.edu/wp-content/uploads/2012/05/DSC034781-300x225.jpg 300w, https://celeli.uprrp.edu/wp-content/uploads/2012/05/DSC034781.jpg 2048w" sizes="auto, (max-width: 553px) 100vw, 553px" /></a><p id="caption-attachment-239" class="wp-caption-text">El amor a la lectura no se enseña, se regala.</p></div>
<p>Entre nuestros objetivos se encuentran:</p>
<ul>
<li>Servir de centro de documentación y acopio de literatura infantil</li>
<li>Fomentar y promover la lectura y la producción textual</li>
<li>Promover, estudiar y documentar la literatura infantil</li>
<li>Apoyar y divulgar investigaciones y proyectos en el campo de la literatura infantil</li>
<li>Apoyar y divulgar la investigación en torno a la lectura y la escritura y a los procesos vinculados a éstas</li>
<li>Llevar a cabo investigaciones sobre la lectura, la escritura y la literatura infantil</li>
</ul>
<div id="attachment_167" style="width: 554px" class="wp-caption aligncenter"><a style="color: #ff4b33; font-size: small;" href="https://celeli.uprrp.edu/wp-content/uploads/2012/05/n576843135_834993_10542.jpg"><img loading="lazy" decoding="async" aria-describedby="caption-attachment-167" class=" wp-image-167 " title="n576843135_834993_1054" src="https://celeli.uprrp.edu/wp-content/uploads/2012/05/n576843135_834993_10542.jpg" alt="" width="544" height="408" srcset="https://celeli.uprrp.edu/wp-content/uploads/2012/05/n576843135_834993_10542.jpg 604w, https://celeli.uprrp.edu/wp-content/uploads/2012/05/n576843135_834993_10542-300x225.jpg 300w" sizes="auto, (max-width: 544px) 100vw, 544px" /></a><p id="caption-attachment-167" class="wp-caption-text">¡Qué rico disfrutar de la lectura en el CELELI!</p></div>
<div>
</div>

<p>Fundado en el año académico 2006-2007, el Centro para el Estudio de la Lectura, la Escritura y la Literatura Infantil (CELELI), ubicado en el segundo piso de la escuela Maternal UPRRP en la Facultad de Educación de la Universidad de Puerto Rico, &hellip; <a href="https://celeli.uprrp.edu/?page_id=2">Continue reading <span class="meta-nav">&rarr;</span></a></p>
