{"id":502,"date":"2012-05-27T04:29:33","date_gmt":"2012-05-27T08:29:33","guid":{"rendered":"http:\/\/celeli.uprrp.edu\/wp-content\/uploads\/2012\/05\/Foro-Literatura-infantil-2-de-abril-de-2008.jpg"},"modified":"2012-05-27T04:29:33","modified_gmt":"2012-05-27T08:29:33","slug":"foro-literatura-infantil-2-de-abril-de-2008","status":"inherit","type":"attachment","link":"https:\/\/celeli.uprrp.edu\/?attachment_id=502","title":{"rendered":"Foro Literatura infantil 2 de abril de 2008"},"author":2,"featured_media":0,"comment_status":"closed","ping_status":"closed","template":"","meta":[],"class_list":["post-502","attachment","type-attachment","status-inherit","hentry"],"description":{"rendered":"<p class=\"attachment\"><a href='https:\/\/celeli.uprrp.edu\/wp-content\/uploads\/2012\/05\/Foro-Literatura-infantil-2-de-abril-de-2008.jpg'><img loading=\"lazy\" decoding=\"async\" width=\"300\" height=\"115\" src=\"https:\/\/celeli.uprrp.edu\/wp-content\/uploads\/2012\/05\/Foro-Literatura-infantil-2-de-abril-de-2008-300x115.jpg\" class=\"attachment-medium size-medium\" alt=\"\" srcset=\"https:\/\/celeli.uprrp.edu\/wp-content\/uploads\/2012\/05\/Foro-Literatura-infantil-2-de-abril-de-2008-300x115.jpg 300w, https:\/\/celeli.uprrp.edu\/wp-content\/uploads\/2012\/05\/Foro-Literatura-infantil-2-de-abril-de-2008-1024x394.jpg 1024w\" sizes=\"auto, (max-width: 300px) 100vw, 300px\" \/><\/a><\/p>\n"},"caption":{"rendered":"<p>Foro Literatura infantil: \u00bfrelatos para avivar la imaginaci\u00f3n o para cultivar la indiferencia? Walter Torres, Mrinali \u00c1lvarez , Juan Carlos Qui\u00f1ones, Tina Casanova y \u00c1ngeles Molina Iturrondo  <a href=\"https:\/\/celeli.uprrp.edu\/?attachment_id=502\">Continue reading <span class=\"meta-nav\">&rarr;<\/span><\/a><\/p>\n"},"alt_text":"","media_type":"image","mime_type":"image\/jpeg","media_details":{"width":"4000","height":"1541","hwstring_small":"height='49' width='128'","file":"2012\/05\/Foro-Literatura-infantil-2-de-abril-de-2008.jpg","sizes":{"thumbnail":{"file":"Foro-Literatura-infantil-2-de-abril-de-2008-150x150.jpg","width":"150","height":"150","source_url":"https:\/\/celeli.uprrp.edu\/wp-content\/uploads\/2012\/05\/Foro-Literatura-infantil-2-de-abril-de-2008-150x150.jpg"},"medium":{"file":"Foro-Literatura-infantil-2-de-abril-de-2008-300x115.jpg","width":"300","height":"115","source_url":"https:\/\/celeli.uprrp.edu\/wp-content\/uploads\/2012\/05\/Foro-Literatura-infantil-2-de-abril-de-2008-300x115.jpg"},"large":{"file":"Foro-Literatura-infantil-2-de-abril-de-2008-1024x394.jpg","width":"1024","height":"394","source_url":"https:\/\/celeli.uprrp.edu\/wp-content\/uploads\/2012\/05\/Foro-Literatura-infantil-2-de-abril-de-2008-1024x394.jpg"},"post-thumbnail":{"file":"Foro-Literatura-infantil-2-de-abril-de-2008-940x198.jpg","width":"940","height":"198","source_url":"https:\/\/celeli.uprrp.edu\/wp-content\/uploads\/2012\/05\/Foro-Literatura-infantil-2-de-abril-de-2008-940x198.jpg"},"full":{"file":"Foro-Literatura-infantil-2-de-abril-de-2008.jpg","width":4000,"height":1541,"mime_type":"image\/jpeg","source_url":"https:\/\/celeli.uprrp.edu\/wp-content\/uploads\/2012\/05\/Foro-Literatura-infantil-2-de-abril-de-2008.jpg"}},"image_meta":{"aperture":"4.5","credit":"","camera":"DSC-W200","caption":"","created_timestamp":"1207153780","copyright":"","focal_length":"15","iso":"400","shutter_speed":"0.125","title":""}},"post":null,"source_url":"https:\/\/celeli.uprrp.edu\/wp-content\/uploads\/2012\/05\/Foro-Literatura-infantil-2-de-abril-de-2008.jpg","_links":{"self":[{"href":"https:\/\/celeli.uprrp.edu\/index.php?rest_route=\/wp\/v2\/media\/502","targetHints":{"allow":["GET"]}}],"collection":[{"href":"https:\/\/celeli.uprrp.edu\/index.php?rest_route=\/wp\/v2\/media"}],"about":[{"href":"https:\/\/celeli.uprrp.edu\/index.php?rest_route=\/wp\/v2\/types\/attachment"}],"author":[{"embeddable":true,"href":"https:\/\/celeli.uprrp.edu\/index.php?rest_route=\/wp\/v2\/users\/2"}],"replies":[{"embeddable":true,"href":"https:\/\/celeli.uprrp.edu\/index.php?rest_route=%2Fwp%2Fv2%2Fcomments&post=502"}]}}

<p>Foro Literatura infantil: ¿relatos para avivar la imaginación o para cultivar la indiferencia? Walter Torres, Mrinali Álvarez , Juan Carlos Quiñones, Tina Casanova y Ángeles Molina Iturrondo  <a href="https://celeli.uprrp.edu/?attachment_id=502">Continue reading <span class="meta-nav">&rarr;</span></a></p>
